{"id":35,"date":"2023-06-06T13:08:49","date_gmt":"2023-06-06T13:08:49","guid":{"rendered":"http:\/\/epdic.ing.unitn.it\/?page_id=35"},"modified":"2025-12-05T09:23:12","modified_gmt":"2025-12-05T09:23:12","slug":"epdic-committee","status":"publish","type":"page","link":"https:\/\/epdic.ing.unitn.it\/index.php\/epdic-committee\/","title":{"rendered":"Committee"},"content":{"rendered":"\n<div class=\"wp-block-columns alignwide is-layout-flex wp-container-core-columns-is-layout-9d6595d7 wp-block-columns-is-layout-flex\">\n<div class=\"wp-block-column is-layout-flow wp-block-column-is-layout-flow\" style=\"flex-basis:100%\">\n<p>The <strong>European Powder Diffraction Conference<\/strong> (EPDIC) is the only European conference completely dedicated to all aspects of the analysis of polycrystalline materials by diffraction methods.<\/p>\n\n\n\n<p>Started in Munich in 1991, EPDICs have rapidly become reference points for all researchers in the field and are now regarded to be ideal places for the presentation and diffusion of new developments in powder diffraction instrumentation, analysis, and applications.<\/p>\n\n\n\n<p>EPDIC conferences are intended to be the place where all powder diffractionists, independently of whether they are more interested in the theoretical advances or in the application of the techniques, can meet and exchange ideas and experiences.<\/p>\n\n\n\n<p><strong>The permanent International Committee of EPDIC <\/strong>was established during EPDIC-6 in Budapest, and is periodically renewed following established rules. Turnover is important to guarantee active participation and inclusion of all topics and skills relevant to powder diffraction.<br>The background, reasons and procedures for the establishment of EPDiCom were extensively discussed prior to EPDIC-6. Interested people can refer to any member for information and proposals.<\/p>\n<\/div>\n<\/div>\n\n\n\n<div class=\"wp-block-columns alignwide is-layout-flex wp-container-core-columns-is-layout-9d6595d7 wp-block-columns-is-layout-flex\">\n<div class=\"wp-block-column is-layout-flow wp-block-column-is-layout-flow\" style=\"flex-basis:100%\">\n<p>The members of the EPDIC Committee (EPDiCCom) after EPDIC-18 are:<\/p>\n<\/div>\n<\/div>\n\n\n\n<div class=\"wp-block-columns alignwide is-layout-flex wp-container-core-columns-is-layout-9d6595d7 wp-block-columns-is-layout-flex\">\n<div class=\"wp-block-column is-layout-flow wp-block-column-is-layout-flow\" style=\"flex-basis:100%\">\n<ul class=\"wp-block-list\">\n<li><a href=\"https:\/\/www.ic.cnr.it\/en\/staff\/altomare-angela-2\/\" target=\"_blank\" rel=\"noreferrer noopener\">A. Altomare,<\/a> IC-CNR, Bari, Italy<\/li>\n\n\n\n<li><a href=\"https:\/\/iscr.univ-rennes.fr\/nathalie-audebrand\" target=\"_blank\" rel=\"noreferrer noopener\">N. Audebrand<\/a>, CNRS &#8211; Univ. Rennes, France<\/li>\n\n\n\n<li><a href=\"https:\/\/www.uninsubria.it\/hpp\/federica.bertolotti\" target=\"_blank\" rel=\"noreferrer noopener\">F. Bertolotti<\/a>,Univ. Insubria, Como, Italy<\/li>\n\n\n\n<li><a href=\"https:\/\/www.fkf.mpg.de\/person\/32229\/5302167\" target=\"_blank\" rel=\"noreferrer noopener\">S. Bette<\/a>, Max Planck Institute, Stuttgart, Germany<\/li>\n\n\n\n<li><a href=\"https:\/\/www.wits.ac.za\/staff\/academic-a-z-listing\/b\/davebillingwitsacza\/\" data-type=\"URL\" data-id=\"https:\/\/www.wits.ac.za\/staff\/academic-a-z-listing\/b\/davebillingwitsacza\/\" target=\"_blank\" rel=\"noreferrer noopener\">D. Billing<\/a>, Univ. Witwatersrand, Johannesburg, South Africa<\/li>\n\n\n\n<li><a href=\"https:\/\/www.psi.ch\/en\/lsc\/people\/nicola-pietro-maria-casati\">N. Casati<\/a>, Paul Scherrer Institute, Villigen, Switzerland<\/li>\n\n\n\n<li><a href=\"https:\/\/pure.au.dk\/portal\/en\/persons\/mogens-christensen(95104029-b560-4ada-ba4c-0eaab3ed18f4).html\">M. Christensen<\/a>, Aarhus University, Denmark<\/li>\n\n\n\n<li><a href=\"https:\/\/www.chem.ox.ac.uk\/people\/bill-david\" data-type=\"URL\" data-id=\"https:\/\/www.chem.ox.ac.uk\/people\/bill-david\" target=\"_blank\" rel=\"noreferrer noopener\">WIF David<\/a>, ISIS, Oxon, UK<\/li>\n\n\n\n<li><a href=\"https:\/\/www.mff.cuni.cz\/en\/faculty\/organizational-structure\/people?hdl=8929\" target=\"_blank\" rel=\"noreferrer noopener\">M. Dopita<\/a>, Charles Univ., Prague, Czech Republic<\/li>\n\n\n\n<li><a href=\"https:\/\/www.esrf.fr\/id22\/contacts\" data-type=\"URL\" data-id=\"https:\/\/www.esrf.fr\/id22\/contacts\" target=\"_blank\" rel=\"noreferrer noopener\">AN. Fitch<\/a>, ESRF, Grenoble, France<\/li>\n\n\n\n<li><a href=\"https:\/\/chem.ku.dk\/ansatte\/alle\/?pure=en\/persons\/540779\" target=\"_blank\" rel=\"noreferrer noopener\">KMO. Jensen<\/a>, Univ. Copenhagen, Denmark<\/li>\n\n\n\n<li>A. Kern, Bruker AXS, Karlsruhe, Germany<\/li>\n\n\n\n<li><a href=\"http:\/\/www.biology.upatras.gr\/en\/personel\/margiolaki\/\" target=\"_blank\" rel=\"noreferrer noopener\">I. Margiolaki<\/a>, Univ. Patras, Greece<\/li>\n\n\n\n<li>G. Nenert, PANalytical, Almelo, The Netherlands<\/li>\n\n\n\n<li><a href=\"https:\/\/www.uni-frankfurt.de\/80744481\/ContentPage_80744481\" target=\"_blank\" rel=\"noreferrer noopener\">M. Piepenbring<\/a>, Goethe-Universitat Frankfurt am Main, Germany<\/li>\n\n\n\n<li><a href=\"https:\/\/www.irb.hr\/eng\/Divisions\/Division-of-Materials-Physics\/Laboratory-for-synthesis-and-crystallography-of-functional-materials\/Zaposlenici\/Jasminka-Popovic\" target=\"_blank\" rel=\"noreferrer noopener\">J. Popovi\u0107<\/a>, R. Bo\u0161kovi\u0107 Institute, Zagreb, Croatia &#8211; <strong>Chairman<\/strong><\/li>\n\n\n\n<li><a href=\"https:\/\/www.linkedin.com\/in\/david-rafaja-05b42286\/?originalSubdomain=de\" target=\"_blank\" rel=\"noreferrer noopener\">D. Rafaja<\/a>, Univ. Freiberg, Germany<\/li>\n\n\n\n<li><a href=\"https:\/\/www.ic.cnr.it\/staff\/rizzi-rosanna\/\" target=\"_blank\" rel=\"noreferrer noopener\">R. Rizzi<\/a>, IC-CNR, Bari, Italy &#8211; <strong>Vice &#8211; Chairman<\/strong><\/li>\n\n\n\n<li><a href=\"https:\/\/www.fzu.cz\/en\/people\/ing-jan-rohlicek-phd\/publications\" target=\"_blank\" rel=\"noreferrer noopener\">J. Rohli\u010dek<\/a>, Czech Academy of Science, Prague, Czech Republic<\/li>\n\n\n\n<li><a href=\"https:\/\/solid-state-chemistry-energy-lab.org\/gwenaelle_rousse-2\/\" target=\"_blank\" rel=\"noreferrer noopener\">G. Rousse<\/a>, Sorbonne Univ., Paris, France<\/li>\n\n\n\n<li><a href=\"https:\/\/webapps.unitn.it\/du\/en\/Persona\/PER0003588\/Pubblicazioni\" target=\"_blank\" rel=\"noreferrer noopener\">P. Scardi<\/a>, Univ. Trento, Italy &#8211; <strong>Immediate Past Chairman<\/strong><\/li>\n\n\n\n<li><a href=\"https:\/\/people.epfl.ch\/pascal.schouwink?lang=en\">PA. Schouwink<\/a>, EPFL, Lousanne, Switzerland<\/li>\n\n\n\n<li><a href=\"https:\/\/warwick.ac.uk\/fac\/sci\/chemistry\/staff\/marksenn\/\" target=\"_blank\" rel=\"noreferrer noopener\">M. Senn<\/a>, Univ. Warwick, England, UK<\/li>\n\n\n\n<li><a href=\"https:\/\/ife.no\/en\/field\/battery-technology\/\" target=\"_blank\" rel=\"noreferrer noopener\">D. S. Wragg<\/a>, Institute for Energy Technology, Norway<\/li>\n<\/ul>\n<\/div>\n<\/div>\n\n\n\n<div class=\"wp-block-columns alignwide is-layout-flex wp-container-core-columns-is-layout-9d6595d7 wp-block-columns-is-layout-flex\">\n<div class=\"wp-block-column is-layout-flow wp-block-column-is-layout-flow\" style=\"flex-basis:100%\">\n<p>The informal set of rules indicating the scope and operation of the EPDIC Committee is listed, albeit please note that they might be subject to changes in the near future following in-depth discussion of the Committee and suggestions from the powder diffraction community.<\/p>\n\n\n\n<p>Please note that the EPDIC Committee is meant to represent all scientific aspects of powder diffraction and the regional distribution of powder diffractionists in Europe. Suggestions and comments from all powder scientists in order to make the Committee more representative and complete are welcome and may be made at any time, either informally to the above members or formally to the Chairman:<\/p>\n\n\n\n<pre class=\"wp-block-code\"><code>Dr. Jasminka Popovi\u0107\nRu\u0111er Bo\u0161kovi\u0107 Institute\nBijeni\u010dka cesta 32, 10000 Zagreb\nTel.: +385 1 4561 120\nemail: <a href=\"mailto:jpopovic@irb.hr\" target=\"_blank\" rel=\"noreferrer noopener\">jpopovic@irb.hr<\/a><\/code><\/pre>\n\n\n\n<p>The EPDiCom is now in the position of interacting with other organizations concerned fully or in part with powder diffraction. Mutual collaboration with the European Crystallographic Association has been ensured through the establishment of the<a href=\"https:\/\/ecanews.org\/groups\/sig-08-powder-diffraction\/\" data-type=\"URL\" data-id=\"https:\/\/ecanews.org\/groups\/sig-08-powder-diffraction\/\"> <strong>ECA Special Interest Group on Powder Diffraction (SIG-8)<\/strong><\/a>, which is identical in composition with the EPDIC Committee.<\/p>\n<\/div>\n<\/div>\n","protected":false},"excerpt":{"rendered":"<p>The European Powder Diffraction Conference (EPDIC) is the only European conference completely dedicated to all aspects of the analysis of polycrystalline materials by diffraction methods. &hellip;<\/p>\n","protected":false},"author":1,"featured_media":0,"parent":0,"menu_order":0,"comment_status":"closed","ping_status":"closed","template":"","meta":{"ngg_post_thumbnail":0,"footnotes":""},"class_list":["post-35","page","type-page","status-publish","hentry"],"_links":{"self":[{"href":"https:\/\/epdic.ing.unitn.it\/index.php\/wp-json\/wp\/v2\/pages\/35","targetHints":{"allow":["GET"]}}],"collection":[{"href":"https:\/\/epdic.ing.unitn.it\/index.php\/wp-json\/wp\/v2\/pages"}],"about":[{"href":"https:\/\/epdic.ing.unitn.it\/index.php\/wp-json\/wp\/v2\/types\/page"}],"author":[{"embeddable":true,"href":"https:\/\/epdic.ing.unitn.it\/index.php\/wp-json\/wp\/v2\/users\/1"}],"replies":[{"embeddable":true,"href":"https:\/\/epdic.ing.unitn.it\/index.php\/wp-json\/wp\/v2\/comments?post=35"}],"version-history":[{"count":24,"href":"https:\/\/epdic.ing.unitn.it\/index.php\/wp-json\/wp\/v2\/pages\/35\/revisions"}],"predecessor-version":[{"id":1695,"href":"https:\/\/epdic.ing.unitn.it\/index.php\/wp-json\/wp\/v2\/pages\/35\/revisions\/1695"}],"wp:attachment":[{"href":"https:\/\/epdic.ing.unitn.it\/index.php\/wp-json\/wp\/v2\/media?parent=35"}],"curies":[{"name":"wp","href":"https:\/\/api.w.org\/{rel}","templated":true}]}}